of 6519279061?
6
What is the units digit of 223108971?
1
What is the millions digit of 379893400?
9
What is the hundreds digit of 2814695344?
3
What is the ten millions digit of 287171282?
8
What is the hundreds digit of 6090042984?
9
What is the ten thousands digit of 25551243?
5
What is the ten thousands digit of 93016353?
1
What is the thousands digit of 40429141?
9
What is the hundreds digit of 139248315?
3
What is the millions digit of 131999160?
1
What is the millions digit of 52789246?
2
What is the tens digit of 94855960?
6
What is the units digit of 1700235086?
6
What is the ten millions digit of 2642807962?
4
What is the hundreds digit of 105708500?
5
What is the tens digit of 146120750?
5
What is the millions digit of 62513544?
2
What is the thousands digit of 696454281?
4
What is the thousands digit of 372237885?
7
What is the thousands digit of 363249270?
9
What is the billions digit of 7950111500?
7
What is the hundreds digit of 2527109024?
0
What is the thousands digit of 485445408?
5
What is the ten thousands digit of 2613487338?
8
What is the ten millions digit of 103682700?
0
What is the hundred thousands digit of 62211408?
2
What is the hundred thousands digit of 124816954?
8
What is the hundreds digit of 1580990851?
8
What is the ten thousands digit of 1624042595?
4
What is the ten thousands digit of 339306614?
0
What is the hundreds digit of 3031803?
8
What is the millions digit of 189350768?
9
What is the ten millions digit of 80705105?
8
What is the hundreds digit of 4649306?
3
What is the hundred millions digit of 1213090351?
2
What is the hundreds digit of 55764506?
5
What is the hundred thousands digit of 7286349758?
3
What is the units digit of 37259548?
8
What is the hundred millions digit of 2984144332?
9
What is the units digit of 297700501?
1
What is the tens digit of 203697114?
1
What is the hundreds digit of 369033388?
3
What is the hundreds digit of 447074896?
8
What is the millions digit of 119077316?
9
What is the units digit of 5051498938?
8
What is the ten thousands digit of 86845862?
4
What is the ten millions digit of 58363659?
5
What is the thousands digit of 25403486?
3
What is the millions digit of 337577721?
7
What is the thousands digit of 93147913?
7
What is the hundred millions digit of 508556455?
5
What is the thousands digit of 134069128?
9
What is the thousands digit of 321054951?
4
What is the thousands digit of 447814716?
4
What is the millions digit of 100485467?
0
What is the billions digit of 2961116929?
2
What is the units digit of 292250732?
2
What is the millions digit of 938499387?
8
What is the billions digit of 1652294080?
1
What is the tens digit of 3580290247?
4
What is the ten thousands digit of 342081276?
8
What is the units digit of 57928246?
6
What is the hundreds digit of 219186700?
7
What is the millions digit of 1348048266?
8
What is the hundreds digit of 143898079?
0
What is the units digit of 19391677?
7
What is the units digit of 180461618?
8
What is the ten thousands digit of 716632607?
3
What is the thousands digit of 5004855918?
5
What is the hundred thousands digit of 1190850677?
8
What is the tens digit of 58187013?
1
What is the units digit of 129864276?
6
What is the millions digit of 2133054738?
3
What is the ten millions digit of 48825617?
4
What is the millions digit of 2020421557?
0
What is the hundred thousands digit of 169516068?
5
What is the ten thousands digit of 398071244?
7
What is the millions digit of 1123783289?
3
What is the hundred thousands digit of 884297079?
2
What is the units digit of 120530267?
7
What is the tens digit of 91819114?
1
What is the ten thousands digit of 58515405?
1
What is the ten millions digit of 10293816?
1
What is the thousands digit of 1513481800?
1
What is the billions digit of 1254441042?
1
What is the units digit of 60614981?
1
What is the millions digit of 46580119?
6
What is the hundred millions digit of 1609306952?
6
What is the millions digit of 69580390?
9
What is the ten millions digit of 48023608?
4
What is the hundred thousands digit of 371943037?
9
What is the thousands digit of 29171748?
1
What is the hundred millions digit of 110997388?
1
What is the ten thousands digit of 164104419?
0
What is the hundreds digit of 1386201745?
7
What is the units digit of 645187104?
4
What is the hundred thousands digit of 103095400?
0
What is the ten thousands digit of 747686923?
8
What is the thousands digit of 297593054?
3
What is the ten thousands digit of 4533676728?
7
What is the hundreds digit of 14738944?
9
What is the hundreds digit of 44949207?
2
What is the ten thousands digit of 349718094?
1
What is the units digit of 214617671?
1
What is the hundred millions digit of 929675835?
9
What is the hundred thousands digit of 975953305?
9
What is the units digit of 1183165266?
6
What is the ten thousands digit of 96942008?
4
What is the units digit of 1450477256?
6
What is the ten thousands digit of 32976147?
7
What is the thousands digit of 1082195093?
5
What is the thousands digit of 60874870?
4
What is the ten millions digit of 325540060?
2
What is the hundreds digit of 739609973?
9
What is the ten thousands digit of 2358897?
5
What is the hundred thousands digit of 677331805?
3
What is the hundred thousands digit of 215036168?
0
What is the thousands digit of 838814055?
4
What is the hundreds digit of 176869771?
7
What is the ten millions digit of 374918396?
7
What is the millions digit of 40558300?
0
What is the units digit of 3836603?
3
What is the millions digit of 143536097?
3
What is the units digit of 130645329?
9
What is the ten thousands digit of 703245845?
4
What is the ten millions digit of 34874950?
3
What is the hundreds digit of 1105531?
5
What is the hundred thousands digit of 3837463480?
4
What is the millions digit of 43841016?
3
What is the ten thousands digit of 867444054?
4
What is the tens digit of 21329144?
4
What is the units digit of 267309146?
6
What is the units digit of 180329500?
0
What is the ten millions digit of 176802961?
7
What is the hundred thousands digit of 2837696377?
6
What is the ten thousands digit of 59258707?
5
What is the billions digit of 1082312409?
1
What is the units digit of 46992373?
3
What is the thousands digit of 59785164?
5
What is the hundred thousands digit of 1234329921?
3
What is the hundreds digit of 61115317?
3
What is the thousands digit of 776119888?
9
What is the hundreds digit of 323018061?
0
What is the thousands digit of 1064191?
4
What is the tens digit of 46381916?
1
What is the ten millions digit of 1191893518?
9
What is the ten millions digit of 24813243?
2
What is the millions digit of 16835759?
6
What is the millions digit of 176161231?
6
What is the units digit of 41312451?
1
What is the hundred thousands digit of 41379275?
3
What is the units digit of 2304381944?
4
What is the units digit of 862201800?
0
What is the ten millions digit of 652895342?
5
What is the tens digit of 65946853?
5
What is the tens digit of 98691229?
2
What is the thousands digit of 412992037?
2
What is the millions digit of 53850481?
3
What is the hundreds digit of 50664905?
9
What is the millions digit of 445450950?
5
What is the ten thousands digit of 575108499?
0
What is the ten thousands digit of 38332375?
3
What is the hundred millions digit of 477569159?
4
What is the thousands digit of 780056?
0
What is the tens digit of 4800900449?
4
What is the hundreds digit of 54276303?
3
What is the thousands digit of 4456327249?
7
What is the ten millions digit of 1648662865?
4
What is the hundred thousands digit of 65005000?
0
What is the units digit of 152162128?
8
What is the tens digit of 1659324710?
1
What is the thousands digit of 3880805355?
5
What is the hundreds digit of 21316362?
3
What is the hundreds digit of 129075539?
5
What is the hundred thousands digit of 1313531?
3
What is the tens digit of 23518488?
8
What is the ten thousands digit of 1274880038?
8
What is the ten thousands digit of 42686615?
8
What is the hundreds digit of 35564480?
4
What is the units digit of 127607966?
6
What is the tens digit of 23276555?
5
What is the hundred thousands digit of 60602668?
6
What is the hundreds digit of 432747585?
5
What is the billions digit of 1560289621?
1
What